lions digit of 161740522?
1
What is the hundreds digit of 628255811?
8
What is the tens digit of 386811001?
0
What is the units digit of 13810464?
4
What is the units digit of 4771916358?
8
What is the hundred millions digit of 270945223?
2
What is the thousands digit of 129251696?
1
What is the millions digit of 1318119215?
8
What is the thousands digit of 18467569?
7
What is the units digit of 5577367592?
2
What is the units digit of 43570328?
8
What is the units digit of 49194085?
5
What is the hundred thousands digit of 50522570?
5
What is the ten thousands digit of 59670387?
7
What is the hundred millions digit of 8084020773?
0
What is the thousands digit of 1535579908?
9
What is the hundred thousands digit of 285460681?
4
What is the ten millions digit of 189965542?
8
What is the units digit of 341278714?
4
What is the tens digit of 331583738?
3
What is the millions digit of 1136040673?
6
What is the hundreds digit of 491456088?
0
What is the ten thousands digit of 113318359?
1
What is the units digit of 72438733?
3
What is the hundred thousands digit of 44926708?
9
What is the thousands digit of 6474739?
4
What is the hundred thousands digit of 61100437?
1
What is the hundred millions digit of 271614749?
2
What is the tens digit of 54337599?
9
What is the units digit of 84629548?
8
What is the tens digit of 5010480?
8
What is the thousands digit of 428228843?
8
What is the ten thousands digit of 4063600884?
0
What is the billions digit of 1644935708?
1
What is the hundred thousands digit of 7513784?
5
What is the hundred thousands digit of 3294129?
2
What is the thousands digit of 31389302?
9
What is the ten thousands digit of 836004408?
0
What is the tens digit of 441543835?
3
What is the ten thousands digit of 207066483?
6
What is the hundreds digit of 2876888432?
4
What is the thousands digit of 1508013216?
3
What is the units digit of 704321770?
0
What is the millions digit of 1380178102?
0
What is the ten thousands digit of 42836291?
3
What is the ten millions digit of 184158025?
8
What is the thousands digit of 103988919?
8
What is the units digit of 25131670?
0
What is the ten thousands digit of 153122879?
2
What is the thousands digit of 5523945?
3
What is the billions digit of 1043447984?
1
What is the hundreds digit of 76385124?
1
What is the hundreds digit of 2015391738?
7
What is the tens digit of 1483364334?
3
What is the ten millions digit of 17796425?
1
What is the hundreds digit of 33480182?
1
What is the ten millions digit of 3064453006?
6
What is the ten millions digit of 3353610597?
5
What is the thousands digit of 2068819813?
9
What is the thousands digit of 12060064?
0
What is the ten thousands digit of 146470993?
7
What is the millions digit of 232229944?
2
What is the units digit of 320340590?
0
What is the hundred millions digit of 756294879?
7
What is the ten millions digit of 538626413?
3
What is the tens digit of 2867218?
1
What is the ten millions digit of 106411118?
0
What is the hundred millions digit of 102547612?
1
What is the ten thousands digit of 136319864?
1
What is the hundreds digit of 48683628?
6
What is the tens digit of 391967522?
2
What is the units digit of 102119393?
3
What is the ten thousands digit of 40250596?
5
What is the ten millions digit of 727265698?
2
What is the thousands digit of 75140973?
0
What is the tens digit of 73539769?
6
What is the ten millions digit of 1553113490?
5
What is the millions digit of 75252192?
5
What is the hundreds digit of 254889785?
7
What is the ten thousands digit of 450256966?
5
What is the thousands digit of 677645872?
5
What is the millions digit of 148617730?
8
What is the tens digit of 38618645?
4
What is the units digit of 6190035431?
1
What is the ten millions digit of 413356039?
1
What is the units digit of 3841882412?
2
What is the thousands digit of 1052966203?
6
What is the hundred millions digit of 115816860?
1
What is the thousands digit of 266329353?
9
What is the thousands digit of 699985068?
5
What is the millions digit of 2003308323?
3
What is the tens digit of 260896549?
4
What is the hundreds digit of 79217244?
2
What is the millions digit of 198851493?
8
What is the units digit of 214087800?
0
What is the millions digit of 62439829?
2
What is the billions digit of 2233067928?
2
What is the hundreds digit of 195056057?
0
What is the ten millions digit of 149068789?
4
What is the hundred thousands digit of 452067890?
0
What is the millions digit of 14079338?
4
What is the thousands digit of 82553478?
3
What is the hundred thousands digit of 1009338114?
3
What is the hundreds digit of 1660045073?
0
What is the ten thousands digit of 964376883?
7
What is the millions digit of 186535401?
6
What is the ten thousands digit of 320636904?
3
What is the ten thousands digit of 4349738209?
3
What is the thousands digit of 88612066?
2
What is the thousands digit of 3045003744?
3
What is the units digit of 38077340?
0
What is the millions digit of 39729606?
9
What is the tens digit of 25811257?
5
What is the billions digit of 1638046669?
1
What is the hundred thousands digit of 1011200006?
2
What is the ten thousands digit of 34698711?
9
What is the ten millions digit of 97710609?
9
What is the ten millions digit of 51734660?
5
What is the hundreds digit of 82475134?
1
What is the hundreds digit of 770562081?
0
What is the tens digit of 1312345325?
2
What is the tens digit of 228453627?
2
What is the thousands digit of 3112878274?
8
What is the hundred thousands digit of 863735961?
7
What is the millions digit of 26365904?
6
What is the ten millions digit of 179161303?
7
What is the millions digit of 334025682?
4
What is the hundred thousands digit of 1118626852?
6
What is the billions digit of 2070005759?
2
What is the ten thousands digit of 353896317?
9
What is the units digit of 814745766?
6
What is the thousands digit of 76085765?
5
What is the tens digit of 25878202?
0
What is the hundred thousands digit of 827261909?
2
What is the thousands digit of 6647902?
7
What is the hundreds digit of 7006950570?
5
What is the ten thousands digit of 199335163?
3
What is the hundreds digit of 12498315?
3
What is the ten millions digit of 619525626?
1
What is the thousands digit of 17290064?
0
What is the thousands digit of 1751212007?
2
What is the ten millions digit of 2951362680?
5
What is the hundreds digit of 38154652?
6
What is the ten millions digit of 226030577?
2
What is the thousands digit of 239034102?
4
What is the units digit of 389696068?
8
What is the units digit of 1802143210?
0
What is the millions digit of 119662733?
9
What is the thousands digit of 131205759?
5
What is the tens digit of 8709473?
7
What is the thousands digit of 116960698?
0
What is the units digit of 675546407?
7
What is the hundred millions digit of 812937090?
8
What is the hundred thousands digit of 77286965?
2
What is the hundred thousands digit of 115909995?
9
What is the millions digit of 40229073?
0
What is the thousands digit of 104670340?
0
What is the thousands digit of 4598530786?
0
What is the tens digit of 7801261230?
3
What is the millions digit of 59509848?
9
What is the ten thousands digit of 4363105?
6
What is the hundreds digit of 1015561951?
9
What is the thousands digit of 224197060?
7
What is the tens digit of 3849751596?
9
What is the hundred thousands digit of 6380331790?
3
What is the tens digit of 367196109?
0
What is the hundred millions digit of 3012883380?
0
What is the billions digit of 4902762506?
4
What is the ten millions digit of 1431874675?
3
What is the ten thousands digit of 215499245?
9
What is the hundred thousands digit of 45292147?
2
What is the millions digit of 1143016154?
3
What is the ten millions digit of 172462843?
7
What is the units digit of 325590865?
5
What is the hundreds digit of 8760662?
6
What is the hundred thousands digit of 35283756?
2
What is the units digit of 234379193?
3
What is the thousands digit of 970841?
0
What is the hundred millions digit of 190544743?
1
What is the tens digit of 598004009?
0
What is the millions digit of 962746080?
2
What is the hundred thousands digit of 28372361?
3
What is the ten millions digit of 99409445?
9
What is the ten thousands digit of 39746900?
4
What is the ten thousands